{"id":48,"date":"2025-12-05T16:11:34","date_gmt":"2025-12-05T16:11:34","guid":{"rendered":"https:\/\/rgentner.de\/?page_id=48"},"modified":"2026-01-31T18:24:02","modified_gmt":"2026-01-31T18:24:02","slug":"patienteninfo","status":"publish","type":"page","link":"https:\/\/neurologen-augsburg.de\/?page_id=48","title":{"rendered":"Organisationen"},"content":{"rendered":"\n<h1 class=\"wp-block-heading\">Links zu Organisationen und Unterst\u00fctzung bei Krankheiten<\/h1>\n\n\n\n<br>\n\n\n\r\n\t\t<div  class=\"block-228714a3-c535-49e5-bd81-424c98c931ff areoi-element\">\r\n\t\t\t\r\n\t\t\t\n\r\n\t\t<div  class=\"block-7a2772cd-0df4-419e-bd56-77b12b584467 card-group\">\r\n\t\t\t\n\r\n\t\t<div  class=\"block-2efd1899-ae30-4b7b-9496-82ba226a6195 card\">\r\n\t\t\t\n\r\n\t\t<div  class=\"block-25095a96-f0e9-4f82-a1f4-7b7498f02bde card-header\">\r\n\t\t\t\n\n<figure class=\"wp-block-image size-large is-resized\"><a href=\"https:\/\/hirnstiftung.org\/\" target=\"_blank\" rel=\" noreferrer noopener\"><img decoding=\"async\" src=\"https:\/\/hirnstiftung.org\/wp-content\/uploads\/2025\/03\/Logo_DeutscheHirnstiftung_RGB_pos.svg\" alt=\"\" style=\"width:auto;height:80px\"\/><\/a><\/figure>\n\n \r\n\t\t<\/div>\r\n\t\n\n\r\n\t\t<div  class=\"block-9ac5132c-adc6-4ad1-a352-b73ba90b4f1d card-body\">\r\n\t\t\t\n\n<p>Die Deutsche Hirnstiftung hilft neurologisch Erkrankten, f\u00f6rdert die Selbsthilfe und unterst\u00fctzt die Forschung \u2013 finanziert unter anderem durch neurologische Kliniken und Praxen.<\/p>\n\n \r\n\t\t<\/div>\r\n\t\n \r\n\t\t<\/div>\r\n\t\n\n\r\n\t\t<div  class=\"block-5fc746e1-139f-4d54-8085-bedeed95b55a card\">\r\n\t\t\t\n\r\n\t\t<div  class=\"block-240d213e-3977-4684-8db4-fed02813783e card-header\">\r\n\t\t\t\n\n<figure class=\"wp-block-image size-large is-resized\"><a href=\"https:\/\/www.alzheimer-forschung.de\/\" target=\"_blank\" rel=\" noreferrer noopener\"><img decoding=\"async\" src=\"https:\/\/www.alzheimer-forschung.de\/typo3conf\/ext\/fp_basis\/Resources\/Public\/img\/logo-alzheimer-forschung-initiative.svg\" alt=\"\" style=\"width:auto;height:80px\"\/><\/a><\/figure>\n\n \r\n\t\t<\/div>\r\n\t\n\n\r\n\t\t<div  class=\"block-c480da0c-b30d-4cbd-a45d-2ed0c6606e63 card-body\">\r\n\t\t\t\n\n<p>Der Verein setzt sich mit seiner unabh\u00e4ngigen Forschungsf\u00f6rderung daf\u00fcr ein, dass Alzheimer heilbar wird. Dar\u00fcber hinaus unterst\u00fctzt er Betroffene und Interessierte mit umfassenden Informationen zu Alzheimer und anderen Demenzerkrankungen.<\/p>\n\n \r\n\t\t<\/div>\r\n\t\n \r\n\t\t<\/div>\r\n\t\n\n\r\n\t\t<div  class=\"block-362f0db8-4fb5-4b40-ac0d-431fe1b06ee8 card\">\r\n\t\t\t\n\r\n\t\t<div  class=\"block-3552357f-bd41-4a81-948f-97a0da51e4cf card-header\">\r\n\t\t\t\n\n<figure class=\"wp-block-image size-large is-resized\"><a href=\"https:\/\/www.schlaganfall-hilfe.de\/de\/start\" target=\"_blank\" rel=\" noreferrer noopener\"><img decoding=\"async\" src=\"https:\/\/assets.schlaganfall-hilfe.de\/1\/images\/logo.svg\" alt=\"\" style=\"width:auto;height:80px\"\/><\/a><\/figure>\n\n \r\n\t\t<\/div>\r\n\t\n\n\r\n\t\t<div  class=\"block-a0fb724a-f035-41b1-aa6f-a669ce04b0dd card-body\">\r\n\t\t\t\n\n<p>Die Stiftung Deutsche Schlaganfall-Hilfe verhindert Schlaganf\u00e4lle, hilft den betroffenen Menschen und verbessert die Schlaganfall-Versorgung.<\/p>\n\n \r\n\t\t<\/div>\r\n\t\n \r\n\t\t<\/div>\r\n\t\n \r\n\t\t<\/div>\r\n\t\n\r\n\t\t\t \r\n\t\t<\/div>\r\n\t\n\n\n<br>\n\n\n\r\n\t\t<div  class=\"block-8c6e0947-a7d6-45c2-9da7-8606e8fc52a2 card-group\">\r\n\t\t\t\n\r\n\t\t<div  class=\"block-90619ffc-36bc-4ed9-8f1d-af2aba041c5d card\">\r\n\t\t\t\n\r\n\t\t<div  class=\"block-be7f0391-b4df-4e5e-8cc3-dcaf682ebe0a card-header\">\r\n\t\t\t\n\n<figure class=\"wp-block-image size-large is-resized\"><a href=\"https:\/\/www.dmsg.de\" target=\"_blank\" rel=\" noreferrer noopener\"><img decoding=\"async\" src=\"https:\/\/www.dmsg.de\/_assets\/082b9181afcf7491747656c6ceddf510\/_Customizations\/Public_DMSG\/Media\/logo.svg\" alt=\"\" style=\"width:auto;height:80px\"\/><\/a><\/figure>\n\n \r\n\t\t<\/div>\r\n\t\n\n\r\n\t\t<div  class=\"block-bf044049-c20d-4f8d-99e8-35f8ee040e4c card-body\">\r\n\t\t\t\n\n<p>Die Deutsche Multiple Sklerose Gesellellschaft vertritt die Belange der MS-Erkrankten in Deutschland, organisiert sozialmedizinische Nachsorge und bietet Ihnen und Ihren Angeh\u00f6rigen unabh\u00e4ngige Informationen, Beratung und Unterst\u00fctzung.<\/p>\n\n \r\n\t\t<\/div>\r\n\t\n \r\n\t\t<\/div>\r\n\t\n\n\r\n\t\t<div  class=\"block-138dd28d-f151-489f-84fe-7f2f2e9d6193 card\">\r\n\t\t\t\n\r\n\t\t<div  class=\"block-ae68cbe4-c2f7-4ce2-b276-a6038f7a485f card-header\">\r\n\t\t\t\n\n<figure class=\"wp-block-image size-large is-resized\"><a href=\"https:\/\/parkinson-gesellschaft.de\/\" target=\"_blank\" rel=\" noreferrer noopener\"><img decoding=\"async\" src=\"https:\/\/parkinson-gesellschaft.de\/images\/layout\/dpg-web-mit-text.svg\" alt=\"\" style=\"width:auto;height:80px\"\/><\/a><\/figure>\n\n \r\n\t\t<\/div>\r\n\t\n\n\r\n\t\t<div  class=\"block-95603a2f-5d99-4ec4-ab7b-fa5f04994443 card-body\">\r\n\t\t\t\n\n<p>Die Deutsche Gesellschaft f\u00fcr Parkinson und Bewegungsst\u00f6rungen (DPG) f\u00f6rdert die Erforschung der Parkinson-Krankheit und verbessert die Versorgung der Patientinnen und Patienten.<\/p>\n\n \r\n\t\t<\/div>\r\n\t\n \r\n\t\t<\/div>\r\n\t\n\n\r\n\t\t<div  class=\"block-a688bcdf-01a5-43ef-affc-fd2441d2b13f card\">\r\n\t\t\t\n\r\n\t\t<div  class=\"block-41e64263-e741-4002-9641-eb3f062453a5 card-header\">\r\n\t\t\t\n\n<figure class=\"wp-block-image size-large is-resized\"><a href=\"https:\/\/www.epilepsie-vereinigung.de\/\" target=\"_blank\" rel=\" noreferrer noopener\"><img decoding=\"async\" src=\"https:\/\/www.epilepsie-vereinigung.de\/wp-content\/uploads\/2020\/05\/deutsche-epilepsievereinigung.png\" alt=\"\" style=\"width:auto;height:80px\"\/><\/a><\/figure>\n\n \r\n\t\t<\/div>\r\n\t\n\n\r\n\t\t<div  class=\"block-b279bf9a-7537-43a8-9689-72b2022e5cb5 card-body\">\r\n\t\t\t\n\n<p>Als Bundesverband der Epilepsie-Selbsthilfe unterst\u00fctzt der Verein Menschen mit Epilepsie und ihre Angeh\u00f6rigen mit Rat und Tat. <\/p>\n\n \r\n\t\t<\/div>\r\n\t\n \r\n\t\t<\/div>\r\n\t\n \r\n\t\t<\/div>\r\n\t\n\n\n<p><\/p>\n","protected":false},"excerpt":{"rendered":"<p>Links zu Organisationen und Unterst\u00fctzung bei Krankheiten<\/p>\n","protected":false},"author":1,"featured_media":0,"parent":0,"menu_order":0,"comment_status":"closed","ping_status":"closed","template":"","meta":{"footnotes":""},"class_list":["post-48","page","type-page","status-publish","hentry"],"_links":{"self":[{"href":"https:\/\/neurologen-augsburg.de\/index.php?rest_route=\/wp\/v2\/pages\/48","targetHints":{"allow":["GET"]}}],"collection":[{"href":"https:\/\/neurologen-augsburg.de\/index.php?rest_route=\/wp\/v2\/pages"}],"about":[{"href":"https:\/\/neurologen-augsburg.de\/index.php?rest_route=\/wp\/v2\/types\/page"}],"author":[{"embeddable":true,"href":"https:\/\/neurologen-augsburg.de\/index.php?rest_route=\/wp\/v2\/users\/1"}],"replies":[{"embeddable":true,"href":"https:\/\/neurologen-augsburg.de\/index.php?rest_route=%2Fwp%2Fv2%2Fcomments&post=48"}],"version-history":[{"count":26,"href":"https:\/\/neurologen-augsburg.de\/index.php?rest_route=\/wp\/v2\/pages\/48\/revisions"}],"predecessor-version":[{"id":598,"href":"https:\/\/neurologen-augsburg.de\/index.php?rest_route=\/wp\/v2\/pages\/48\/revisions\/598"}],"wp:attachment":[{"href":"https:\/\/neurologen-augsburg.de\/index.php?rest_route=%2Fwp%2Fv2%2Fmedia&parent=48"}],"curies":[{"name":"wp","href":"https:\/\/api.w.org\/{rel}","templated":true}]}}